me number?
True
Let o = 5 - 8. Let f be (2 + o)/(3/(-606)). Let q = 1 + f. Is q a prime number?
False
Suppose d - 2*d + 25 = 2*l, 15 = 5*d. Suppose 0 = -w + 2*h + 1997, 9 = 5*h - l. Is w a composite number?
True
Let u = 71 + -71. Suppose -4*g + 2*a + 290 = 0, -3*g + u*a - 2*a + 207 = 0. Is g prime?
True
Let k(i) = i - 2. Let a be k(4). Let x(u) = u**3 + 56*u**2 + 55*u - 2. Let f be x(-55). Is a*250 + 5 + f composite?
False
Let d(y) = 27*y + 202. Is d(39) a prime number?
False
Let i(u) = 322*u**2 + u + 32. Is i(-3) a prime number?
True
Suppose j + 5513 = 3*h, h = 5*j + 842 + 1005. Is h composite?
True
Suppose 0 = d + 1, x - 6439 = -4*d - 0*d. Suppose -2*v + p - 1337 = -5639, 4*p = 3*v - x. Is v a composite number?
False
Let f(b) = 13*b**2 - 4*b - 5. Let d be f(8). Suppose 5*i = 5*g - 805, 5*g + 0*i = 3*i + d. Let j = g - -253. Is j prime?
True
Let c(v) = -4*v**3 - 11*v**2 - 7*v - 5. Let p be c(-4). Let u = 196 + p. Is u a prime number?
False
Let o(t) = 7*t - 5 + 19 - 10*t. Let f be o(5). Is -1 + f + (-567)/(-3) prime?
False
Suppose y + 2*l - 82 = 3*l, 0 = -2*y - 3*l + 159. Let d = 123 - 49. Suppose y = 5*j - d. Is j composite?
False
Let m = 75308 + -48315. Is m a composite number?
False
Suppose -15401 = -3*h + 36292. Is h a composite number?
False
Let g(k) = 2*k**3 - k**3 - 3*k + 8*k**2 - 6 - 7*k. Let j be g(-9). Suppose 4*c - 240 = -4*u, -c + 4*u + 200 = j*c. Is c a composite number?
True
Is 6/(-3)*4279334/(-92) a composite number?
True
Suppose 5*q - 7 = 18. Suppose 0 = -3*k - k - 12, -q*k = -4*x + 7059. Is x a prime number?
False
Let b(q) = 2*q + 2. Let g be b(-2). Let z be 2 + (-2)/g + -359. Is z/(-5)*5/2 prime?
False
Let h(t) = 7*t**3 - 5*t**2 - 7*t - 13. Is h(6) composite?
False
Let u(w) = -w**3 - 12*w**2 + 12*w - 11. Let z be u(-13). Suppose z*g - 4*f - 688 = 0, -910 = -5*g + f + 765. Is g composite?
True
Suppose 4*p = -16 - 0. Is ((-902)/p)/(6/12) a prime number?
False
Suppose 0 = 5*b + 2*n - 0*n - 11, n = -b + 1. Suppose 0 = -y - 5*f + 137, 0 = 3*y + b*f + 165 - 552. Is y a prime number?
True
Let t(z) = 159*z - 23. Is t(26) a composite number?
False
Let b be 4 + 3733 + (-5)/(-5). Suppose -7*h + b = -2233. Is h prime?
True
Let r = 78 - 76. Suppose r*p - 1772 = 738. Is p a prime number?
False
Suppose 4736 + 1309 = 5*l. Suppose -2*g + 430 = -2*b, -5*g - 118 + l = 3*b. Suppose -2*c + g = -141. Is c composite?
False
Suppose 3*s - 2*o = 12, -2*o = -4*s - 3*o + 5. Suppose -j = -3*t + 2*t - 87, -2*t - 4*j = 150. Is t*(-3)/(1 + s) a prime number?
True
Suppose -t = -4883 - 2190. Is t a composite number?
True
Is (8 - 6)*(-98094)/(-12) a prime number?
True
Let q(u) = -475*u + 145. Let v(l) = 95*l - 29. Let n(a) = -2*q(a) - 11*v(a). Is n(-12) a prime number?
False
Let n(o) = -334*o + 39. Is n(-28) a composite number?
False
Suppose 6*k - k = 2*a - 6603, 3*a - 9902 = 5*k. Is a prime?
True
Let u(l) = 3*l - 16. Let y be u(13). Suppose -y*x = -8*x - 17055. Is x a prime number?
False
Suppose 9719 = -2*w - j + 32909, 3*j = -2*w + 23182. Is w a prime number?
True
Suppose 2*c = 6*c. Suppose -4*b + 1944 = -c*b - 4*j, 2*b + 3*j = 962. Is b/6*15/10 composite?
True
Let l = 3 - -1. Suppose -9*c = -l*c. Suppose c = -3*d - d + 284. Is d prime?
True
Is (-1 - 0) + -58478*(-5)/35 composite?
False
Let s be (4 + (-10)/4)*2. Suppose -z + 1588 = s*z. Is z prime?
True
Let b = 103 + -99. Suppose 2*s = 2*v + 7*s - 1357, b*s = 12. Is v a prime number?
False
Suppose 3*i - 4*d - 8681 = 0, -4*d + 9*d = -2*i + 5749. Is i a composite number?
False
Suppose -a - 5 = -2. Let k = a + 0. Let l = k - -130. Is l a prime number?
True
Suppose -92 = -17*h + 13*h. Suppose -1048 = -27*f + h*f. Is f a prime number?
False
Let z(u) = -51*u + 681. Is z(-16) composite?
True
Suppose -3*x = -2*w + w + 8, -40 = -5*w - 4*x. Suppose -2*n - 5442 = -w*n. Is n a composite number?
False
Let y = -7708 - -16607. Is y a composite number?
True
Let g = -5528 + 12261. Is g prime?
True
Suppose 0 = c + 4*n + 115, 11*c + 313 = 8*c - 4*n. Let p = 262 + c. Is p composite?
False
Let x(m) = -m**2 + 3*m + 1. Let r be x(4). Let s be 0/(((-6)/r)/(-1)). Is (-14)/(s - 8/92) composite?
True
Let i be -8 + (-4)/(-8)*-2. Let q(s) = -38*s + 17. Is q(i) composite?
False
Let q = 8 + -4. Let o = q - 3. Is 52 + (4 + -1)/o a prime number?
False
Let j(g) = -g**3 - 7*g**2 - 13*g + 1. Let i be j(-3). Suppose -3885 + 953 = -i*a - 2*f, 0 = 4*f - 16. Is a a composite number?
True
Suppose -1737 + 8057 = 2*q. Is q + ((-42)/(-70))/(2/10) prime?
True
Let w(h) = -h**3 + 9*h**2 - h - 3. Let u be w(9). Let n(o) = -o**3 - 11*o**2 + 17. Let t be n(u). Suppose t = 2*l + 7. Is l prime?
False
Is (1247072/64)/(2/4) a composite number?
False
Let o be -2 + (-3)/(6/(-8)). Suppose 3*k = -m + o*m + 100, -5*m - 160 = -5*k. Let q = k + 63. Is q a prime number?
True
Let s(m) = 6*m**2 - 4*m - 7. Let q be s(8). Let d = q - 204. Suppose -d = o - 443. Is o a prime number?
False
Suppose -73 = -4*w - 3*a + 249, -4*a = 4*w - 320. Let s = w - -57. Is s prime?
True
Is (79121/14)/(0 + (-1)/(-2)) a prime number?
False
Suppose -3*d + 5 = w - 1, -d - 6 = 3*w. Let y = 9 + w. Suppose -4*x - 4*r = -1760, 4*r - 2*r = -y. Is x a composite number?
False
Let t = 16 - 12. Let a = t + -2. Suppose a*u - 527 = 147. Is u a prime number?
True
Let o = 47 - 19. Suppose 4*v = -4*g + o, v - 1 = -0*v + 2*g. Suppose v*a - 318 = -a. Is a a composite number?
False
Let t = 17 - 8. Suppose -t = c - 5. Let n(u) = u**3 + 5*u**2 - u + 2. Is n(c) prime?
False
Suppose 0 = -3*z - 5*b + 746 - 137, 0 = 5*z + 4*b - 1015. Is z prime?
False
Let d = 47 - 17. Let w = -9 + d. Is w prime?
False
Suppose 0*l = 2*l - x - 174, -5*x - 158 = -2*l. Let q = l + -62. Suppose -q = v - 386. Is v a prime number?
True
Is (-1270)/50*(-2293 + 8) composite?
True
Let j = -27 - 92. Let s = -35 - j. Suppose -5*h + 151 = -s. Is h prime?
True
Suppose -50*p = 3*p - 232723. Is p a composite number?
False
Let b = 8 + -4. Suppose -b*j - 4 = 4. Is 202/18 - j/(-9) a prime number?
True
Let l = -186772 - -300549. Is l prime?
True
Let p be -1 - (-3 - 1)/1. Let q be p/18 - 34/(-12). Suppose -4*d + 127 = -q*d. Is d a prime number?
True
Let p(f) = -22*f**2 - f - 11. Let n be p(4). Let v = n - -678. Is v a composite number?
False
Suppose -3 = t, 2*t + 4 = -5*q + 4*q. Suppose -93 = q*y - 3*y. Is y a prime number?
False
Let h = -8431 + 17036. Is h composite?
True
Let h(n) = 9*n**2 - n + 27. Let r be h(-15). Let z = -1180 + r. Is z prime?
True
Suppose 0 = 2*p + 3*l - 11, 0*p - 5*l = p - 9. Let k be (4 + 0)*2/4. Suppose 0 = -0*c + p*c + 2*q - 126, -k*q + 2 = 0. Is c prime?
True
Let t(k) = 849*k - 13. Let s be t(4). Suppose -5*h = -5*q + 3380, -4*q - q = -4*h - s. Is q composite?
True
Let y(g) = 508*g - 39. Is y(17) composite?
False
Let i(y) = 4*y**2 + 8*y + 5. Let x be i(-5). Suppose -2*v = -0*v - 198. Let s = v - x. Is s a prime number?
False
Let u(i) be the second derivative of 0 + 1/2*i**2 - 14/3*i**3 - 6*i. Is u(-4) a composite number?
False
Suppose 1103 = -5*m + 4758. Is m a composite number?
True
Let v(j) = 14*j**2 - 2*j + 5. Let s be v(9). Let f = s + -462. Is f composite?
False
Suppose -5*j + 25 = 0, 12*j - 9*j = -5*t + 315310. Is t a composite number?
False
Suppose 0*i = -i + 1. Suppose i = -2*c + 5. Suppose c*g = -3*z + 58, -113 = -3*g - 0*z + 2*z. Is g composite?
True
Let x = 1877 - -134. Suppose 5*a + 0*a = -5*m + 3285, -x = -3*m + 5*a. Is m prime?
False
Let f = 112354 + -78335. Is f a prime number?
True
Let r = 1 + -1. Let q be 8 + (-7 - (-3 - r)). Is 4176/5 - q/20 composite?
True
Let t(n) = -2*n**3 + 2*n**2 + n + 45481. Is t(0) a composite number?
False
Let s be 6*((-658)/(-4) + -4). Let r = s + -510. Is r composite?
True
Suppose -2*i - 8 = 0, 0 = 5*o - 2*o - 2*i + 10. Let b be (-10)/o - (-10)/(-15). Let s = 70 + b. Is s a composite number?
False
Let r(w) = 3*w**3 - 7*w**2 + 9*w + 8. Let j = 8 - 5. Suppose 3*o - b = 24, 6 = -j*b - 3. Is r(o) composite?
False
Let p = 15 + -15. Suppose p*w - 2*w = 4. Is (w/6)/((-4)/564) a prime number?
True
Suppose -g - 5*b + 113 = -2*g, -g - 101 = -2*b. Let m be (-1 + 0)/(0 + -1). Is m/(-1 - -2) - g prime?
False
Let l(g) = g**3 - 14*g**2. Let y be l(14). Is y + 1/(-2)*20530/(-5) prime?
True
Suppose -852 = 2*a - 3*r, -425 = a - r - r. Let n = -34 - a. Is n prime?
False
Suppose -2*f = -2*s + 18899 